{"id":3943,"date":"2023-12-19T11:18:27","date_gmt":"2023-12-19T10:18:27","guid":{"rendered":"https:\/\/kulturforum-kriftel.de\/?page_id=3943"},"modified":"2023-12-19T11:18:27","modified_gmt":"2023-12-19T10:18:27","slug":"fitness-gesundheit","status":"publish","type":"page","link":"https:\/\/winkler-grafixx.de\/?page_id=3943","title":{"rendered":"Fitness &#038; Gesundheit"},"content":{"rendered":"<p>Wir haben den Bereich f\u00fcr Sie in einem Untermen\u00fc neu gegliedert, um das Angebot \u00fcbersichtlicher darstellen zu k\u00f6nnen.<\/p>\n","protected":false},"excerpt":{"rendered":"<p>Wir haben den Bereich f\u00fcr Sie in einem Untermen\u00fc neu gegliedert, um das Angebot \u00fcbersichtlicher darstellen zu k\u00f6nnen.<\/p>\n","protected":false},"author":1,"featured_media":0,"parent":0,"menu_order":0,"comment_status":"closed","ping_status":"closed","template":"","meta":{"footnotes":""},"class_list":["post-3943","page","type-page","status-publish","hentry"],"_links":{"self":[{"href":"https:\/\/winkler-grafixx.de\/index.php?rest_route=\/wp\/v2\/pages\/3943","targetHints":{"allow":["GET"]}}],"collection":[{"href":"https:\/\/winkler-grafixx.de\/index.php?rest_route=\/wp\/v2\/pages"}],"about":[{"href":"https:\/\/winkler-grafixx.de\/index.php?rest_route=\/wp\/v2\/types\/page"}],"author":[{"embeddable":true,"href":"https:\/\/winkler-grafixx.de\/index.php?rest_route=\/wp\/v2\/users\/1"}],"replies":[{"embeddable":true,"href":"https:\/\/winkler-grafixx.de\/index.php?rest_route=%2Fwp%2Fv2%2Fcomments&post=3943"}],"version-history":[{"count":0,"href":"https:\/\/winkler-grafixx.de\/index.php?rest_route=\/wp\/v2\/pages\/3943\/revisions"}],"wp:attachment":[{"href":"https:\/\/winkler-grafixx.de\/index.php?rest_route=%2Fwp%2Fv2%2Fmedia&parent=3943"}],"curies":[{"name":"wp","href":"https:\/\/api.w.org\/{rel}","templated":true}]}}