{"id":236,"date":"2018-12-03T15:24:32","date_gmt":"2018-12-03T14:24:32","guid":{"rendered":"http:\/\/kulturforum-kriftel.de\/?page_id=236"},"modified":"2025-09-03T14:21:49","modified_gmt":"2025-09-03T12:21:49","slug":"gemeindebuecherei","status":"publish","type":"page","link":"https:\/\/winkler-grafixx.de\/?page_id=236","title":{"rendered":"Gemeindeb\u00fccherei Kriftel"},"content":{"rendered":"<h3><div class=\" panel-zr6hsp magee-shortcode panel magee-panel\" id=\"\">\r\n                                        <div class=\"panel-heading\">\r\n                                            <h3 class=\"panel-title\">Gemeindeb\u00fccherei Kriftel<\/h3>\r\n                                        <\/div>\r\n                                        <div class=\"panel-body\">\r\n                                            Eva-Maria Momma, Leitung, Tel. 0171 7939269<br \/>\n<a href=\"mailto:buecherei@kulturforum-kriftel.de\">buechereileitung@kulturforum-kriftel.de<\/a><br \/>\nDie allgemeine Mailadresse der B\u00fccherei lautet: <a href=\"mailto:buecherei@kulturforum-kriftel.de\" target=\"_blank\" rel=\"noopener\">buecherei@kulturforum-kriftel.de<\/a>\r\n                                        <\/div>\r\n                                    <\/div><\/h3>\n<h4><img decoding=\"async\" class=\"wp-image-3518 size-medium alignnone lazyload\" data-src=\"http:\/\/winkler-grafixx.de\/wp-content\/uploads\/2023\/04\/buecherei-e1681406985776-300x74.png\" alt=\"\" width=\"300\" height=\"74\" data-srcset=\"https:\/\/winkler-grafixx.de\/wp-content\/uploads\/2023\/04\/buecherei-e1681406985776-300x74.png 300w, https:\/\/winkler-grafixx.de\/wp-content\/uploads\/2023\/04\/buecherei-e1681406985776-1024x253.png 1024w, https:\/\/winkler-grafixx.de\/wp-content\/uploads\/2023\/04\/buecherei-e1681406985776-768x190.png 768w, https:\/\/winkler-grafixx.de\/wp-content\/uploads\/2023\/04\/buecherei-e1681406985776.png 1258w\" data-sizes=\"(max-width: 300px) 100vw, 300px\" src=\"data:image\/svg+xml;base64,PHN2ZyB3aWR0aD0iMSIgaGVpZ2h0PSIxIiB4bWxucz0iaHR0cDovL3d3dy53My5vcmcvMjAwMC9zdmciPjwvc3ZnPg==\" style=\"--smush-placeholder-width: 300px; --smush-placeholder-aspect-ratio: 300\/74;\" \/><br \/>\n<strong><div class=\" divider magee-divider magee-shortcode divider-zoaguc divider-border\" id=\"\"><div class=\"divider-inner divider-border\"><\/div><\/div><\/strong><\/h4>\n<p><span style=\"font-size: 14pt;\"><strong><span style=\"color: #000000;\">Herzlich willkommen <\/span><\/strong><\/span><span style=\"font-size: 14pt;\"><span style=\"color: #000000;\">in der Gemeindeb\u00fccherei im ehemaligen Bahnhofsgeb\u00e4ude am &#8222;Platz von Airaines&#8220;. Hier finden Sie eine <strong>gro\u00dfe multimediale Vielfalt f\u00fcr alle Altersgruppen<\/strong> \u2013 von aktuellen Bestsellern \u00fcber H\u00f6rb\u00fccher und Spiele bis zum E-Book. \u00dcber freies WLAN\u00a0k\u00f6nnen Sie im Internet recherchieren.<\/span><\/span><\/p>\n<section class=\" magee-shortcode section magee-section section-vradd4\" id=\"\"> <div class=\"section-content\"><div class=\"container\">\n<div class=\"page\" title=\"Page 17\">\n<div class=\"layoutArea\">\n<p><span style=\"color: #000000; font-size: 14pt;\"><strong><span style=\"color: #000000;\">Regul\u00e4re \u00d6ffnungszeiten der B\u00fccherei<\/span><\/strong><span style=\"color: #000000;\">*<\/span><strong><span style=\"color: #000000;\">:<\/span><\/strong><\/span><\/p>\n<p><span style=\"color: #000000; font-size: 14pt;\"><strong><span style=\"color: #000000;\"><img decoding=\"async\" class=\"size-medium wp-image-4063 alignleft lazyload\" data-src=\"https:\/\/kulturforum-kriftel.de\/wp-content\/uploads\/Buecherei_Brunnen_Foto-sw-300x169.jpg\" alt=\"\" width=\"300\" height=\"169\" src=\"data:image\/svg+xml;base64,PHN2ZyB3aWR0aD0iMSIgaGVpZ2h0PSIxIiB4bWxucz0iaHR0cDovL3d3dy53My5vcmcvMjAwMC9zdmciPjwvc3ZnPg==\" style=\"--smush-placeholder-width: 300px; --smush-placeholder-aspect-ratio: 300\/169;\" \/><\/span><\/strong><\/span><\/p>\n<ul>\n<li><span style=\"color: #000000; font-size: 14pt;\">Montag von 18.00 bis 20.00 Uhr<\/span><\/li>\n<li><span style=\"color: #000000; font-size: 14pt;\">Dienstag, Mittwoch, Donnerstag von 15.00 bis 18.00 Uhr<\/span><\/li>\n<li class=\"column\"><span style=\"color: #000000; font-size: 14pt;\">Freitag von 10.00 bis 12.00 Uhr<\/span><\/li>\n<li class=\"column\"><span style=\"color: #000000; font-size: 14pt;\">Jeden ersten Samstag im Monat von 10.00 bis 12.00 Uhr<br \/>\n<span style=\"font-size: 11px;\">* In den Hessischen Ferien \u00fcblicherweise nur mittwochs bzw. nach Ver\u00f6ffentlichung<\/span><\/span><span style=\"color: #000000; font-size: 14pt;\"><span style=\"font-size: 11px;\">.<br \/>\n<\/span><\/span><\/li>\n<\/ul>\n<\/div>\n<\/div>\n<hr \/>\n<p><span style=\"font-size: 14pt; color: #000000;\"><span style=\"font-size: 14pt;\"><span style=\"color: #000000;\"><img decoding=\"async\" class=\"size-medium wp-image-3739 alignright lazyload\" data-src=\"http:\/\/winkler-grafixx.de\/wp-content\/uploads\/2023\/10\/Buechereiteam-scaled-1-300x225.jpg\" alt=\"\" width=\"300\" height=\"225\" data-srcset=\"https:\/\/winkler-grafixx.de\/wp-content\/uploads\/2023\/10\/Buechereiteam-scaled-1-300x225.jpg 300w, https:\/\/winkler-grafixx.de\/wp-content\/uploads\/2023\/10\/Buechereiteam-scaled-1-1024x768.jpg 1024w, https:\/\/winkler-grafixx.de\/wp-content\/uploads\/2023\/10\/Buechereiteam-scaled-1-768x576.jpg 768w, https:\/\/winkler-grafixx.de\/wp-content\/uploads\/2023\/10\/Buechereiteam-scaled-1-1536x1152.jpg 1536w, https:\/\/winkler-grafixx.de\/wp-content\/uploads\/2023\/10\/Buechereiteam-scaled-1-2048x1536.jpg 2048w, https:\/\/winkler-grafixx.de\/wp-content\/uploads\/2023\/10\/Buechereiteam-scaled-1-400x300.jpg 400w\" data-sizes=\"(max-width: 300px) 100vw, 300px\" src=\"data:image\/svg+xml;base64,PHN2ZyB3aWR0aD0iMSIgaGVpZ2h0PSIxIiB4bWxucz0iaHR0cDovL3d3dy53My5vcmcvMjAwMC9zdmciPjwvc3ZnPg==\" style=\"--smush-placeholder-width: 300px; --smush-placeholder-aspect-ratio: 300\/225;\" \/>Organisiert wird die Gemeindeb\u00fccherei durch <strong>17 ehrenamtliche Mitglieder<\/strong> des Kulturforums.<\/span><\/span><\/span><\/p>\n<hr \/>\n<p><span style=\"font-size: 14pt; color: #000000;\">Die Gemeindeb\u00fccherei bietet ihren Kunden \u00fcber den <strong>Onleihe-Verbund<\/strong> Hessen rund um die Uhr die M\u00f6glichkeit, sich <strong>digitale B\u00fccher, Zeitungen, H\u00f6rb\u00fccher, Filme und vieles mehr<\/strong> aus dem Internet kostenlos und legal herunterzuladen und <strong>f\u00fcr eine<\/strong> <b>festgelegte Ausleihfrist<\/b> zu nutzen.<\/span><section class=\" magee-shortcode section magee-section section-tqmo42\" id=\"\"> <div class=\"section-content\"><div class=\"container\"><\/div><\/div> <\/section><span style=\"font-size: 14pt;\"> <\/div><\/div> <\/section><\/span><\/p>\n<hr \/>\n<p><strong><span style=\"font-size: 14pt; color: #000000;\">Der Leseausweis<br \/>\n<\/span><\/strong><span style=\"font-size: 14pt;\"><span style=\"color: #000000;\"><em>Der Leseausweis kostet 10 Euro<\/em> und ist f\u00fcr jeweils 1 Jahr g\u00fcltig, Kinder und Jugendliche zahlen keine Geb\u00fchren. Die Leihdauer der Medien betr\u00e4gt <b>drei Wochen<\/b>\u00a0und kann bei den konventionellen Medien um weitere drei Wochen verl\u00e4ngert werden. Den <b>Online-Katalog<\/b> finden Sie \u00fcber den Link unten.<\/span><\/span><\/p>\n<hr \/>\n<p><b><span style=\"color: #000000; font-size: large;\"><img decoding=\"async\" class=\"size-medium wp-image-5080 alignleft lazyload\" data-src=\"http:\/\/winkler-grafixx.de\/wp-content\/uploads\/2025\/08\/20250330_163334-225x300.jpg\" alt=\"\" width=\"225\" height=\"300\" data-srcset=\"https:\/\/winkler-grafixx.de\/wp-content\/uploads\/2025\/08\/20250330_163334-225x300.jpg 225w, https:\/\/winkler-grafixx.de\/wp-content\/uploads\/2025\/08\/20250330_163334-768x1024.jpg 768w, https:\/\/winkler-grafixx.de\/wp-content\/uploads\/2025\/08\/20250330_163334-1152x1536.jpg 1152w, https:\/\/winkler-grafixx.de\/wp-content\/uploads\/2025\/08\/20250330_163334-1536x2048.jpg 1536w, https:\/\/winkler-grafixx.de\/wp-content\/uploads\/2025\/08\/20250330_163334-scaled.jpg 1920w\" data-sizes=\"(max-width: 225px) 100vw, 225px\" src=\"data:image\/svg+xml;base64,PHN2ZyB3aWR0aD0iMSIgaGVpZ2h0PSIxIiB4bWxucz0iaHR0cDovL3d3dy53My5vcmcvMjAwMC9zdmciPjwvc3ZnPg==\" style=\"--smush-placeholder-width: 225px; --smush-placeholder-aspect-ratio: 225\/300;\" \/>Wir haben einen <span style=\"caret-color: #000000;\">B\u00fccherschrank<\/span> auf dem Vorplatz!<\/span><\/b><\/p>\n<p><span style=\"font-size: 18px;\">Danke an das <strong>Kulturforum Kriftel<\/strong> f\u00fcr dessen freundliche Unterst\u00fctzung.<img decoding=\"async\" class=\"size-medium wp-image-5183 alignright lazyload\" data-src=\"http:\/\/winkler-grafixx.de\/wp-content\/uploads\/2025\/08\/718b5b3d-ac48-45a9-8b38-c69d2dba1fe3-225x300.jpg\" alt=\"\" width=\"225\" height=\"300\" data-srcset=\"https:\/\/winkler-grafixx.de\/wp-content\/uploads\/2025\/08\/718b5b3d-ac48-45a9-8b38-c69d2dba1fe3-225x300.jpg 225w, https:\/\/winkler-grafixx.de\/wp-content\/uploads\/2025\/08\/718b5b3d-ac48-45a9-8b38-c69d2dba1fe3-768x1024.jpg 768w, https:\/\/winkler-grafixx.de\/wp-content\/uploads\/2025\/08\/718b5b3d-ac48-45a9-8b38-c69d2dba1fe3-1152x1536.jpg 1152w, https:\/\/winkler-grafixx.de\/wp-content\/uploads\/2025\/08\/718b5b3d-ac48-45a9-8b38-c69d2dba1fe3.jpg 1200w\" data-sizes=\"(max-width: 225px) 100vw, 225px\" src=\"data:image\/svg+xml;base64,PHN2ZyB3aWR0aD0iMSIgaGVpZ2h0PSIxIiB4bWxucz0iaHR0cDovL3d3dy53My5vcmcvMjAwMC9zdmciPjwvc3ZnPg==\" style=\"--smush-placeholder-width: 225px; --smush-placeholder-aspect-ratio: 225\/300;\" \/><\/span><\/p>\n<hr \/>\n<p><span style=\"color: #000000;\"><b><span style=\"font-size: 14pt;\">Angebote &amp; Veranstaltungen<\/span><\/b><\/span><\/p>\n<p><span style=\"font-size: 14pt; color: #000000;\">Wir bieten f\u00fcr Kitas und Schulen altersgerechte F\u00fchrungen, Vorlesestunden f\u00fcr Kinderg\u00e4rten und Kleinkinder Kriftels, die M\u00f6glichkeit der Blockentleihe sowie die <strong>Nutzung des Online-Katalogs <span style=\"color: #999999;\"><a style=\"color: #999999;\" href=\"https:\/\/webopac.winbiap.de\/kriftel\/index.aspx\" target=\"_blank\" rel=\"noopener noreferrer\">WebOPAC<\/a><\/span><\/strong>. F\u00f6rdern wollen wir damit den Spa\u00df am Lesen. Andere Gruppen erhalten eine F\u00fchrung zu vereinbarten Inhalten.<\/span><\/p>\n<hr \/>\n<ul class=\"unordered-list\">\n<li class=\"list-item unordered-list-item\"><span style=\"font-size: 14pt; color: #000000;\">Die <strong>&#8222;Leseb\u00fchne&#8220;<\/strong>\u00a0bietet mehrmals j\u00e4hrlich\u00a0Autorenlesungen.<\/span><\/li>\n<li class=\"list-item unordered-list-item\"><span style=\"font-size: 14pt; color: #000000;\">Der <strong>&#8222;Deutsche Literaturkreis&#8220;<\/strong> und <strong>&#8222;The English Literary Circle&#8220;<\/strong>\u00a0treffen sich einmal monatlich in der B\u00fccherei, um selbst gew\u00e4hlte Titel zu besprechen beziehungsweise Konversation zu pflegen.<\/span><\/li>\n<li class=\"list-item unordered-list-item\"><span style=\"font-size: 14pt; color: #000000;\">Senioren werden alle zwei Wochen zum <strong>&#8222;Spiele-Nachmittag&#8220;<\/strong> eingeladen.<\/span><\/li>\n<\/ul>\n<section class=\" magee-shortcode section magee-section section-meb5xp\" id=\"\"> <div class=\"section-content\"><div class=\"container-fullwidth\"><img decoding=\"async\" class=\"size-full wp-image-408 alignleft lazyload\" data-src=\"http:\/\/kulturforum-kriftel.de\/wp-content\/uploads\/chart.png\" alt=\"\" width=\"100\" height=\"100\" src=\"data:image\/svg+xml;base64,PHN2ZyB3aWR0aD0iMSIgaGVpZ2h0PSIxIiB4bWxucz0iaHR0cDovL3d3dy53My5vcmcvMjAwMC9zdmciPjwvc3ZnPg==\" style=\"--smush-placeholder-width: 100px; --smush-placeholder-aspect-ratio: 100\/100;\" \/><\/p>\n<p><span style=\"font-size: 17px;\">Sie k\u00f6nnen den abgebildeten QR-Code auch mit dem Smartphone oder Tablet abscannen, um zu unserer Onleihe-Seite zu gelangen.<\/span><\/p>\n<p><span style=\"font-size: 20px;\"><\/div><\/div> <\/section><\/span><\/p>\n","protected":false},"excerpt":{"rendered":"<p>Herzlich willkommen in der Gemeindeb\u00fccherei im ehemaligen Bahnhofsgeb\u00e4ude am &#8222;Platz von Airaines&#8220;. Hier finden Sie eine gro\u00dfe multimediale Vielfalt f\u00fcr alle Altersgruppen \u2013 von aktuellen Bestsellern \u00fcber H\u00f6rb\u00fccher und Spiele bis zum E-Book. \u00dcber freies WLAN\u00a0k\u00f6nnen Sie im Internet recherchieren. Der Leseausweis Der Leseausweis kostet 10 Euro und ist f\u00fcr jeweils 1 Jahr g\u00fcltig, Kinder und Jugendliche zahlen keine Geb\u00fchren. Die Leihdauer der Medien betr\u00e4gt drei Wochen\u00a0und kann bei den konventionellen Medien um weitere drei Wochen verl\u00e4ngert werden. Den Online-Katalog finden Sie \u00fcber den Link unten. Wir haben einen B\u00fccherschrank auf dem Vorplatz! Danke an das Kulturforum Kriftel f\u00fcr dessen freundliche Unterst\u00fctzung. Angebote &amp; Veranstaltungen Wir bieten f\u00fcr Kitas und Schulen altersgerechte F\u00fchrungen, Vorlesestunden f\u00fcr Kinderg\u00e4rten und Kleinkinder Kriftels, die M\u00f6glichkeit der Blockentleihe sowie die Nutzung des Online-Katalogs WebOPAC. F\u00f6rdern wollen wir damit den Spa\u00df am Lesen. Andere Gruppen erhalten eine F\u00fchrung zu vereinbarten Inhalten. Die &#8222;Leseb\u00fchne&#8220;\u00a0bietet mehrmals j\u00e4hrlich\u00a0Autorenlesungen. Der &#8222;Deutsche Literaturkreis&#8220; und &#8222;The English Literary Circle&#8220;\u00a0treffen sich einmal monatlich in der B\u00fccherei, um selbst gew\u00e4hlte Titel zu besprechen beziehungsweise Konversation zu pflegen. Senioren werden alle zwei Wochen zum &#8222;Spiele-Nachmittag&#8220; eingeladen.<\/p>\n","protected":false},"author":1,"featured_media":0,"parent":0,"menu_order":0,"comment_status":"closed","ping_status":"closed","template":"","meta":{"footnotes":""},"class_list":["post-236","page","type-page","status-publish","hentry"],"_links":{"self":[{"href":"https:\/\/winkler-grafixx.de\/index.php?rest_route=\/wp\/v2\/pages\/236","targetHints":{"allow":["GET"]}}],"collection":[{"href":"https:\/\/winkler-grafixx.de\/index.php?rest_route=\/wp\/v2\/pages"}],"about":[{"href":"https:\/\/winkler-grafixx.de\/index.php?rest_route=\/wp\/v2\/types\/page"}],"author":[{"embeddable":true,"href":"https:\/\/winkler-grafixx.de\/index.php?rest_route=\/wp\/v2\/users\/1"}],"replies":[{"embeddable":true,"href":"https:\/\/winkler-grafixx.de\/index.php?rest_route=%2Fwp%2Fv2%2Fcomments&post=236"}],"version-history":[{"count":29,"href":"https:\/\/winkler-grafixx.de\/index.php?rest_route=\/wp\/v2\/pages\/236\/revisions"}],"predecessor-version":[{"id":5191,"href":"https:\/\/winkler-grafixx.de\/index.php?rest_route=\/wp\/v2\/pages\/236\/revisions\/5191"}],"wp:attachment":[{"href":"https:\/\/winkler-grafixx.de\/index.php?rest_route=%2Fwp%2Fv2%2Fmedia&parent=236"}],"curies":[{"name":"wp","href":"https:\/\/api.w.org\/{rel}","templated":true}]}}